{"version":"1.0","provider_name":"Juntos por Quilmes","provider_url":"https:\/\/juntosporquilmes.com.ar\/inicio","author_name":"admin-vdb","author_url":"https:\/\/juntosporquilmes.com.ar\/inicio\/author\/admin-vdb\/","title":"JOS\u00c9 LUIS CONTRERAS, CONCEJAL TITULAR HASTA 2025 - Juntos por Quilmes","type":"rich","width":600,"height":338,"html":"<blockquote class=\"wp-embedded-content\" data-secret=\"x3x85Yu5w7\"><a href=\"https:\/\/juntosporquilmes.com.ar\/inicio\/2022\/09\/jose-luis-contreras-concejal-titular-hasta-2025\/\">JOS\u00c9 LUIS CONTRERAS, CONCEJAL TITULAR HASTA 2025<\/a><\/blockquote><iframe sandbox=\"allow-scripts\" security=\"restricted\" src=\"https:\/\/juntosporquilmes.com.ar\/inicio\/2022\/09\/jose-luis-contreras-concejal-titular-hasta-2025\/embed\/#?secret=x3x85Yu5w7\" width=\"600\" height=\"338\" title=\"\u00abJOS\u00c9 LUIS CONTRERAS, CONCEJAL TITULAR HASTA 2025\u00bb \u2014 Juntos por Quilmes\" data-secret=\"x3x85Yu5w7\" frameborder=\"0\" marginwidth=\"0\" marginheight=\"0\" scrolling=\"no\" class=\"wp-embedded-content\"><\/iframe><script type=\"text\/javascript\">\n\/* <![CDATA[ *\/\n\/*! This file is auto-generated *\/\n!function(d,l){\"use strict\";l.querySelector&&d.addEventListener&&\"undefined\"!=typeof URL&&(d.wp=d.wp||{},d.wp.receiveEmbedMessage||(d.wp.receiveEmbedMessage=function(e){var t=e.data;if((t||t.secret||t.message||t.value)&&!\/[^a-zA-Z0-9]\/.test(t.secret)){for(var s,r,n,a=l.querySelectorAll('iframe[data-secret=\"'+t.secret+'\"]'),o=l.querySelectorAll('blockquote[data-secret=\"'+t.secret+'\"]'),c=new RegExp(\"^https?:$\",\"i\"),i=0;i<o.length;i++)o[i].style.display=\"none\";for(i=0;i<a.length;i++)s=a[i],e.source===s.contentWindow&&(s.removeAttribute(\"style\"),\"height\"===t.message?(1e3<(r=parseInt(t.value,10))?r=1e3:~~r<200&&(r=200),s.height=r):\"link\"===t.message&&(r=new URL(s.getAttribute(\"src\")),n=new URL(t.value),c.test(n.protocol))&&n.host===r.host&&l.activeElement===s&&(d.top.location.href=t.value))}},d.addEventListener(\"message\",d.wp.receiveEmbedMessage,!1),l.addEventListener(\"DOMContentLoaded\",function(){for(var e,t,s=l.querySelectorAll(\"iframe.wp-embedded-content\"),r=0;r<s.length;r++)(t=(e=s[r]).getAttribute(\"data-secret\"))||(t=Math.random().toString(36).substring(2,12),e.src+=\"#?secret=\"+t,e.setAttribute(\"data-secret\",t)),e.contentWindow.postMessage({message:\"ready\",secret:t},\"*\")},!1)))}(window,document);\n\/\/# sourceURL=https:\/\/juntosporquilmes.com.ar\/inicio\/wp-includes\/js\/wp-embed.min.js\n\/* ]]> *\/\n<\/script>\n","thumbnail_url":"https:\/\/juntosporquilmes.com.ar\/inicio\/wp-content\/uploads\/2022\/09\/jlcs.jpg","thumbnail_width":1134,"thumbnail_height":950,"description":"El concejal del Frente de Todos, Jos\u00e9 Luis Contreras, qued\u00f3 incorporado este viernes como edil titular en Concejo Deliberante quilme\u00f1o. Cabe destacar que dicha designaci\u00f3n llega tras la renuncia de Sebasti\u00e1n Majo. Tal como se expres\u00f3 en los considerandos&nbsp; luego de la dimisi\u00f3n de Majo, \u201cel concejal que ocupe la banca en forma definitiva en [&hellip;]"}

JOSÉ LUIS CONTRERAS, CONCEJAL TITULAR HASTA 2025 - Juntos por Quilmes

<blockquote class="wp-embedded-content" data-secret="x3x85Yu5w7"><a href="https://juntosporquilmes.com.ar/inicio/2022/09/jose-luis-contreras-concejal-titular-hasta-2025/">JOSÉ LUIS CONTRERAS, CONCEJAL TITULAR HASTA 2025</a></blockquote><iframe sandbox="allow-scripts" security="restricted" src="https://juntosporquilmes.com.ar/inicio/2022/09/jose-luis-contreras-concejal-titular-hasta-2025/embed/#?secret=x3x85Yu5w7" width="600" height="338" title="«JOSÉ LUIS CONTRERAS, CONCEJAL TITULAR HASTA 2025» — Juntos por Quilmes" data-secret="x3x85Yu5w7" frameborder="0" marginwidth="0" marginheight="0" scrolling="no" class="wp-embedded-content"></iframe><script type="text/javascript">
/* <![CDATA[ */
/*! This file is auto-generated */
!function(d,l){"use strict";l.querySelector&&d.addEventListener&&"undefined"!=typeof URL&&(d.wp=d.wp||{},d.wp.receiveEmbedMessage||(d.wp.receiveEmbedMessage=function(e){var t=e.data;if((t||t.secret||t.message||t.value)&&!/[^a-zA-Z0-9]/.test(t.secret)){for(var s,r,n,a=l.querySelectorAll('iframe[data-secret="'+t.secret+'"]'),o=l.querySelectorAll('blockquote[data-secret="'+t.secret+'"]'),c=new RegExp("^https?:$","i"),i=0;i<o.length;i++)o[i].style.display="none";for(i=0;i<a.length;i++)s=a[i],e.source===s.contentWindow&&(s.removeAttribute("style"),"height"===t.message?(1e3<(r=parseInt(t.value,10))?r=1e3:~~r<200&&(r=200),s.height=r):"link"===t.message&&(r=new URL(s.getAttribute("src")),n=new URL(t.value),c.test(n.protocol))&&n.host===r.host&&l.activeElement===s&&(d.top.location.href=t.value))}},d.addEventListener("message",d.wp.receiveEmbedMessage,!1),l.addEventListener("DOMContentLoaded",function(){for(var e,t,s=l.querySelectorAll("iframe.wp-embedded-content"),r=0;r<s.length;r++)(t=(e=s[r]).getAttribute("data-secret"))||(t=Math.random().toString(36).substring(2,12),e.src+="#?secret="+t,e.setAttribute("data-secret",t)),e.contentWindow.postMessage({message:"ready",secret:t},"*")},!1)))}(window,document);
//# sourceURL=https://juntosporquilmes.com.ar/inicio/wp-includes/js/wp-embed.min.js
/* ]]> */
</script>

El concejal del Frente de Todos, José Luis Contreras, quedó incorporado este viernes como edil titular en Concejo Deliberante quilmeño. Cabe destacar que dicha designación llega tras la renuncia de Sebastián Majo. Tal como se expresó en los considerandos&nbsp; luego de la dimisión de Majo, “el concejal que ocupe la banca en forma definitiva en [&hellip;]
